 = -18 - h. Calculate the remainder when 38 is divided by c.
12
Suppose -f = f - 168. Suppose f = 2*v + v. Let h = 2 + 8. Calculate the remainder when v is divided by h.
8
Suppose -g = -3*g + 2*q + 6, -4*q + 6 = 5*g. Let b be (-24)/(-9) + g/6. Suppose p - 1 - 3 = 0, 23 = j + b*p. What is the remainder when 21 is divided by j?
10
Calculate the remainder when 136 is divided by (1/(-1))/((-12)/420).
31
Suppose -z - 500 = -4*y, -2*y + 250 = -0*y + 3*z. Suppose -5*j = -0*j + y. What is the remainder when 32 is divided by 4/(-10) - 435/j?
15
Let c(o) be the third derivative of -o**5/60 - 5*o**4/12 - o**3/2 + o**2. What is the remainder when 62 is divided by c(-4)?
20
Let o = -4 + 7. Let p(g) be the second derivative of g**5/10 - g**4/12 - g**3/6 - 2*g**2 - 6*g. Calculate the remainder when p(o) is divided by 13.
12
Suppose 75 = 3*c + 5*l, 2*l = 4*c + 5*l - 100. Let x = 34 - -65. Calculate the remainder when x is divided by c.
24
Suppose 10 = -2*m - 4*x, 0 = m - 5*m - 4*x - 8. What is the remainder when 2 is divided by m?
0
Let k = -245 - -118. Let l = k + 38. Let t = -37 - l. What is the remainder when t is divided by 18?
16
Let o(t) = t + 4. Let i be o(-9). Let w = 1 - i. What is the remainder when w is divided by 2?
0
Let t(u) = u**3 + 7*u**2 - 2*u - 13. What is the remainder when t(-7) is divided by 1?
0
Let y be 1/(-3) + 16/12. Suppose 3*d - 5 = y. What is the remainder when 5 is divided by d?
1
Suppose 4*v - s = 19, -11 = v - 0*v + 5*s. Suppose -3*q + v = -56. Suppose 4*z - f = f + 240, 4*z = -f + 228. What is the remainder when z is divided by q?
18
Suppose 0 = -5*r + 29 + 16. Let o be -1 - -1*(-10)/(-2). Let x = o + 12. What is the remainder when x is divided by r?
7
Let u(w) = 5*w - 2. Calculate the remainder when u(3) is divided by 5.
3
Suppose 5 = d + 2*w, -6*d - 5*w = -4*d - 7. Calculate the remainder when d is divided by 7.
4
Suppose 5*t = 5*a - 155, 0 = 4*a - t + 8 - 123. Suppose -45 + 5 = -2*w - 4*h, 4*w - 70 = -3*h. What is the remainder when a is divided by w?
12
Let q(w) = 10*w**2 - 3*w - w**3 - 4 - 2 - 4*w - w. Let x be q(9). Suppose -5*c + 4 = -x*m + 176, 2*m - c = 117. Calculate the remainder when m is divided by 15.
14
Suppose 5 = 5*j - 2*n - 15, n = 0. Suppose 3*p - 8*p + j*w + 46 = 0, -4*p - 5*w = -4. What is the remainder when 17 is divided by p?
5
Let x be (1 - -1) + 12/6. Suppose -4*o = -2*o - x. Calculate the remainder when 4 is divided by o.
0
Let r = 166 - 119. What is the remainder when r is divided by 8?
7
Suppose 2*j - 2*t = 8, 0 = -5*j - 4*t + 2 - 0. Suppose -25 = -7*s + j*s. Calculate the remainder when 9 is divided by s.
4
Let f = 2 + 4. Suppose 0*w + 4*w = 44. What is the remainder when w is divided by f?
5
Let s(a) = -a**3 + 6*a**2 - 5*a + 5. Calculate the remainder when s(4) is divided by 6.
5
Let d = -17 - -52. Calculate the remainder when d is divided by 12.
11
Let x(p) = p - 9. Calculate the remainder when x(16) is divided by 1.
0
What is the remainder when (4 - 3)*-1 + (-1 - -20) is divided by 3?
0
Suppose 0 = -4*v + 3*j - 9 - 24, 2*j + 70 = -5*v. Let n = v - -5. Let u = n - -17. What is the remainder when 28 is divided by u?
8
Let n = -7 + 25. What is the remainder when n is divided by 5?
3
Let p(w) = w + 5*w**3 - 1 + 6*w**2 + 2*w - 4*w**3 - 4. What is the remainder when 29 is divided by p(-4)?
14
Let x be (5/((-10)/(-6)))/1. Let j = 0 + 4. Suppose 10 = q + x*u + 2*u, -j*u - 30 = -3*q. What is the remainder when q is divided by 4?
2
Suppose -3*d - 5*a + 169 = 0, 4*d = -0*d + a + 210. Calculate the remainder when d is divided by 28.
25
Suppose 33 = 4*r - 79. Suppose 5*i = -2*w + r, 2*w = 5*i - 6 - 6. Calculate the remainder when 13 is divided by w.
1
Suppose 0 = -2*k - 3*k + 5. Let y(q) be the second derivative of 5*q**3/2 - q**2/2 + q. Calculate the remainder when 27 is divided by y(k).
13
Let b = 6 + -1. Suppose 0 = -t + 14 - 12. Suppose -t*i - 2*f = -34, 21 = i - 0*f + 2*f. What is the remainder when i is divided by b?
3
Let s = 5 - 3. Let b(p) = p**2 - 2*p - 2. What is the remainder when b(4) is divided by s?
0
Suppose 5*j + 510 = 5*i, -3*j = 4*i - 0*j - 436. What is the remainder when i is divided by 22?
18
Suppose -76 = -4*r - 0. Let h be 70/(-6) + (-1)/3. Calculate the remainder when 3/h + (-663)/(-12) is divided by r.
17
Suppose -h - 3*h - 24 = -4*r, 3*r + 5*h = 18. What is the remainder when r is divided by 3?
0
Suppose -31*o + 89 = -159. What is the remainder when 2*(-1 + 50/4) is divided by o?
7
Let b(y) = 2*y**3 - y**2. Let v be (1 + (-3 - -1))/(-1). Let c be b(v). Let z(d) = 19*d**3. Calculate the remainder when z(c) is divided by 10.
9
Let f be (5 + 0 - 3)/2. Let x(g) = 6*g**3 + g**2 - g + 1. Calculate the remainder when 20 is divided by x(f).
6
Let z = 73 - 58. What is the remainder when 55 is divided by z?
10
Let s(r) = 2*r - 2. Let f be s(4). Let k = f + -10. What is the remainder when 25 is divided by 54/4 - 2/k?
11
Let s = -2 + 5. Let d = s - -49. Calculate the remainder when d is divided by 18.
16
Suppose -5*j + 3*a + 4 = -a, -4*j - 4 = -5*a. Let l = j + 0. Let d = l - -1. Calculate the remainder when 13 is divided by d.
3
Let k be (0 - 8/6)*-3. What is the remainder when k + -2 + 6 + 9 is divided by 5?
2
Suppose -25*q + 26*q - 32 = 0. What is the remainder when 95 is divided by q?
31
Suppose 128 = 3*k + 26. Calculate the remainder when k is divided by 12.
10
Let z be (-1)/(-5) - (-33)/(-15). Let a = 12 - z. Calculate the remainder when 26 is divided by a.
12
Suppose 3 = b + 4. Let f be 0/(b/(3/(-6))). Suppose f = 2*g - 49 - 21. Calculate the remainder when g is divided by 18.
17
Let z = 6 + -6. Suppose 11*a - 9*a - 54 = z. Let p = 2 - -8. Calculate the remainder when a is divided by p.
7
Let l(r) = r**3 - 8*r**2 + 2*r - 9. What is the remainder when l(8) is divided by 3?
1
Calculate the remainder when 49 is divided by ((-1)/(-4))/((-4)/(-272)).
15
Suppose 0 = h + 4*b - 3, b = 3*h - 9. Suppose -12 = -h*n - n. Calculate the remainder when n is divided by 3.
0
Let j(w) be the first derivative of w**3/3 - 4*w**2 - 5*w - 2. Calculate the remainder when 10 is divided by j(9).
2
Let a(k) = -4*k - 13. Suppose -3*q + 24 = -7*q. What is the remainder when 43 is divided by a(q)?
10
Let t(x) = x**3 + 12*x**2 + 9*x - 14. Let p be t(-11). Let i = 3 + p. Calculate the remainder when 19 is divided by i.
8
Let l = -28 - -36. Suppose -2*s + 4 = -2. Suppose s*f - 19 = -5*h + 4*h, -2*f + 26 = 4*h. Calculate the remainder when l is divided by f.
3
Let k be 0/(-2) + 0 + 2. Let h = 1 - k. What is the remainder when (5 - -2)/(h + 2) is divided by 3?
1
Suppose -5*m + 36 = -4*m + y, 5*m = 4*y + 180. Let i(p) = -p**3 - 4*p**2 + 10*p + 7. Calculate the remainder when m is divided by i(-6).
17
Suppose -2*n + 0*n + 44 = 0. What is the remainder when 109 is divided by n?
21
Suppose -18 + 3 = -3*d - 4*z, 4*d - 4*z = 20. Calculate the remainder when 18 is divided by d.
3
Let g(t) be the second derivative of -5/6*t**3 + 7/12*t**4 + 1/20*t**5 + 0 + 2*t - 3*t**2. Calculate the remainder when g(-7) is divided by 10.
9
Let c be (-2)/(2 + (-18)/8). Let u(n) = 12*n - 28. Let d(p) = -4*p + 9. Let y(q) = -7*d(q) - 2*u(q). Calculate the remainder when y(c) is divided by 13.
12
Let q(o) be the first derivative of o**3/3 + 11*o**2/2 + 13*o - 1. Suppose c - 20 = 3*c. What is the remainder when q(c) is divided by 2?
1
Let v(p) = p - 2. Let c = 3 + -5. Let q = c + 6. What is the remainder when v(8) is divided by q?
2
Suppose 5*n - 340 + 27 = -3*h, -2*h = n - 64. What is the remainder when n*3/(-18)*-3 is divided by 17?
14
Suppose -2*g = -6*g - 2*s - 8, -5*g = 4*s + 16. Let u(z) = z**3 + z**2 - z + 77. What is the remainder when u(g) is divided by 16?
13
Let b(r) = r**2 + 4*r - 3. Suppose -g = -5*j - 5*g + 6, 0 = 3*j + g - 5. What is the remainder when j is divided by b(-5)?
0
Let f = 52 + -35. What is the remainder when f is divided by 4?
1
Let m(a) = -a**2 + 6*a - 6. Let z(t) = t. Let l be z(6). Let y be m(l). What is the remainder when 68 is divided by (3/y)/((-2)/92)?
22
Let i = 4 - -11. Calculate the remainder when i is divided by 46/6 - (-1)/3.
7
Let j(q) = -q**2 - 5*q - 2. Let v be j(-6). Let t = v - -21. Let h(z) = -z**3 - 5*z**2 - 6*z - 5. Calculate the remainder when h(-5) is divided by t.
12
Suppose o + 4*x = 13, -4*o =